{"id":972,"date":"2018-05-24T14:10:26","date_gmt":"2018-05-24T14:10:26","guid":{"rendered":"http:\/\/www.dr-marion-lauer.de\/?page_id=972"},"modified":"2026-01-15T12:58:23","modified_gmt":"2026-01-15T12:58:23","slug":"aktuelles","status":"publish","type":"page","link":"https:\/\/www.dr-marion-lauer.de\/index.php\/aktuelles\/","title":{"rendered":"Aktuelles"},"content":{"rendered":"<p style=\"text-align: center;\">&nbsp;<\/p>\n<p>&nbsp;<\/p>\n<p style=\"text-align: center;\"><span style=\"color: #0000ff;\">Sie sind auf der Suche nach einer sch\u00f6nen Geschenkidee&nbsp; &nbsp;..&nbsp; &nbsp; Jubil\u00e4um,&nbsp; Geburtstag&nbsp;<\/span><\/p>\n<p style=\"text-align: center;\"><span style=\"color: #0000ff;\">oder einfach ein Dankesch\u00f6n f\u00fcr eine liebe Person ..&nbsp;<\/span><\/p>\n<p style=\"text-align: center;\"><span style=\"color: #0000ff;\">Bei uns erhalten sie Kosmetik- oder Fu\u00dfpflegegutscheine f\u00fcr alle Anwendungen<\/span><\/p>\n<p style=\"text-align: center;\"><span style=\"color: #0000ff;\">oder Sie w\u00e4hlen einen beliebigen Betrag !!&nbsp;<\/span><\/p>\n<p style=\"text-align: center;\"><span style=\"color: #0000ff;\">Verw\u00f6hnen Sie Ihre Liebsten mit einer entspannenden Behandlung<\/span><\/p>\n<p style=\"text-align: center;\"><span style=\"color: #0000ff;\">bei einer unserer erfahrenen Kosmetikerinnen.<\/span><\/p>\n<p style=\"text-align: center;\"><span style=\"color: #0000ff;\">Ihr Kosmetikteam der Hautarztpraxis<\/span><\/p>\n<p>&nbsp;<\/p>\n<p>&nbsp;<\/p>\n<p>&nbsp;<\/p>\n<p>&nbsp;<\/p>\n<p>&nbsp;<\/p>\n<p>&nbsp;<\/p>\n<p>&nbsp;<\/p>\n<p>&nbsp;<\/p>\n<p>&nbsp;<\/p>\n<p>&nbsp;<\/p>\n<p>&nbsp;<\/p>\n<p>&nbsp;<\/p>\n<p>&nbsp;<\/p>\n<p>&nbsp;<\/p>\n<p>&nbsp;<\/p>\n<p>&nbsp;<\/p>\n<p>&nbsp;<\/p>\n<p>&nbsp;<\/p>\n<p>&nbsp;<\/p>\n<p>&nbsp;<\/p>\n\n\n<div class=\"wp-block-columns alignwide are-vertically-aligned-top is-layout-flex wp-container-core-columns-layout-1 wp-block-columns-is-layout-flex\">\n<div class=\"wp-block-column is-vertically-aligned-top is-layout-flow wp-block-column-is-layout-flow\">\n<div class=\"wp-block-group wp-container-content-1 is-vertical is-content-justification-left is-nowrap is-layout-flex wp-container-core-group-layout-2 wp-block-group-is-layout-flex\" style=\"margin-top:0;margin-bottom:0\">\n<div class=\"wp-block-group is-vertical is-nowrap is-layout-flex wp-container-core-group-layout-1 wp-block-group-is-layout-flex\"><\/div>\n<\/div>\n<\/div>\n\n\n\n<div class=\"wp-block-column is-vertically-aligned-top is-layout-flow wp-block-column-is-layout-flow\">\n<div class=\"wp-block-group wp-container-content-3 is-vertical is-layout-flex wp-container-core-group-layout-4 wp-block-group-is-layout-flex\" style=\"margin-top:0;margin-bottom:0\">\n<div class=\"wp-block-group is-vertical is-nowrap is-layout-flex wp-container-core-group-layout-3 wp-block-group-is-layout-flex\">\n<div style=\"height:0px\" aria-hidden=\"true\" class=\"wp-block-spacer wp-container-content-2\"><\/div>\n<\/div>\n<\/div>\n<\/div>\n<\/div>\n\n\n\n<div class=\"wp-block-columns alignwide are-vertically-aligned-top is-layout-flex wp-container-core-columns-layout-2 wp-block-columns-is-layout-flex\">\n<div class=\"wp-block-column is-vertically-aligned-top is-layout-flow wp-block-column-is-layout-flow\">\n<div class=\"wp-block-group wp-container-content-4 is-vertical is-content-justification-left is-nowrap is-layout-flex wp-container-core-group-layout-6 wp-block-group-is-layout-flex\" style=\"margin-top:0;margin-bottom:0\">\n<div class=\"wp-block-group is-vertical is-nowrap is-layout-flex wp-container-core-group-layout-5 wp-block-group-is-layout-flex\"><\/div>\n<\/div>\n<\/div>\n\n\n\n<div class=\"wp-block-column is-vertically-aligned-top is-layout-flow wp-block-column-is-layout-flow\">\n<div class=\"wp-block-group wp-container-content-5 is-vertical is-layout-flex wp-container-core-group-layout-8 wp-block-group-is-layout-flex\" style=\"margin-top:0;margin-bottom:0\">\n<div class=\"wp-block-group is-vertical is-nowrap is-layout-flex wp-container-core-group-layout-7 wp-block-group-is-layout-flex\"><\/div>\n<\/div>\n<\/div>\n<\/div>\n","protected":false},"excerpt":{"rendered":"<p>&nbsp; &nbsp; Sie sind auf der Suche nach einer sch\u00f6nen Geschenkidee&nbsp; &nbsp;..&nbsp; &nbsp; Jubil\u00e4um,&nbsp; Geburtstag&nbsp; oder einfach ein Dankesch\u00f6n f\u00fcr eine liebe Person ..&nbsp; Bei uns erhalten sie Kosmetik- oder Fu\u00dfpflegegutscheine f\u00fcr alle Anwendungen oder Sie w\u00e4hlen einen beliebigen Betrag !!&nbsp; Verw\u00f6hnen Sie Ihre Liebsten mit einer entspannenden Behandlung bei einer unserer erfahrenen Kosmetikerinnen. Ihr [&hellip;]<\/p>\n","protected":false},"author":1,"featured_media":0,"parent":0,"menu_order":0,"comment_status":"closed","ping_status":"closed","template":"","meta":{"ngg_post_thumbnail":0,"footnotes":""},"_links":{"self":[{"href":"https:\/\/www.dr-marion-lauer.de\/index.php\/wp-json\/wp\/v2\/pages\/972"}],"collection":[{"href":"https:\/\/www.dr-marion-lauer.de\/index.php\/wp-json\/wp\/v2\/pages"}],"about":[{"href":"https:\/\/www.dr-marion-lauer.de\/index.php\/wp-json\/wp\/v2\/types\/page"}],"author":[{"embeddable":true,"href":"https:\/\/www.dr-marion-lauer.de\/index.php\/wp-json\/wp\/v2\/users\/1"}],"replies":[{"embeddable":true,"href":"https:\/\/www.dr-marion-lauer.de\/index.php\/wp-json\/wp\/v2\/comments?post=972"}],"version-history":[{"count":94,"href":"https:\/\/www.dr-marion-lauer.de\/index.php\/wp-json\/wp\/v2\/pages\/972\/revisions"}],"predecessor-version":[{"id":1888,"href":"https:\/\/www.dr-marion-lauer.de\/index.php\/wp-json\/wp\/v2\/pages\/972\/revisions\/1888"}],"wp:attachment":[{"href":"https:\/\/www.dr-marion-lauer.de\/index.php\/wp-json\/wp\/v2\/media?parent=972"}],"curies":[{"name":"wp","href":"https:\/\/api.w.org\/{rel}","templated":true}]}}